{"id":9,"date":"2023-06-23T15:03:20","date_gmt":"2023-06-23T15:03:20","guid":{"rendered":"https:\/\/ralmeidasaude.com\/?page_id=9"},"modified":"2025-05-29T23:45:43","modified_gmt":"2025-05-29T23:45:43","slug":"home","status":"publish","type":"page","link":"https:\/\/ralmeidasaude.com\/","title":{"rendered":"Home"},"content":{"rendered":"","protected":false},"excerpt":{"rendered":"","protected":false},"author":5,"featured_media":0,"parent":0,"menu_order":0,"comment_status":"closed","ping_status":"closed","template":"","meta":{"footnotes":""},"class_list":["post-9","page","type-page","status-publish","hentry"],"yoast_head":"<!-- This site is optimized with the Yoast SEO plugin v25.5 - https:\/\/yoast.com\/wordpress\/plugins\/seo\/ -->\n<title>Dr. Ricardo Almeida | Cirurgi\u00e3o Gastro e Oncol\u00f3gico em S\u00e3o Paulo<\/title>\n<meta name=\"description\" content=\"M\u00e9dico Cirurgi\u00e3o Gastrointestinal e Oncol\u00f3gico em S\u00e3o Paulo - Cirurgia no trato digestivo e Bari\u00e1trica com Dr. Ricardo Almeida.\" \/>\n<meta name=\"robots\" content=\"index, follow, max-snippet:-1, max-image-preview:large, max-video-preview:-1\" \/>\n<link rel=\"canonical\" href=\"http:\/\/ralmeidasaude.com\/\" \/>\n<meta property=\"og:locale\" content=\"pt_BR\" \/>\n<meta property=\"og:type\" content=\"article\" \/>\n<meta property=\"og:title\" content=\"Dr. Ricardo Almeida - Cirurgia e Oncologia do Aparelho Digestivo\" \/>\n<meta property=\"og:description\" content=\"A proposta \u00e9 a realiza\u00e7\u00e3o de um atendimento altamente exclusivo, \u00e9tico, individualizado, especializado e humanizado dos nossos pacientes.\" \/>\n<meta property=\"og:url\" content=\"http:\/\/ralmeidasaude.com\/\" \/>\n<meta property=\"og:site_name\" content=\"Dr. Ricardo Almeida\" \/>\n<meta property=\"article:publisher\" content=\"https:\/\/www.facebook.com\/dr.ricardoalmeidacirurgia\" \/>\n<meta property=\"article:modified_time\" content=\"2025-05-29T23:45:43+00:00\" \/>\n<meta property=\"og:image\" content=\"http:\/\/ralmeidasaude.com\/wp-content\/uploads\/2023\/06\/ricardo-almeida-sobre.webp\" \/>\n\t<meta property=\"og:image:width\" content=\"768\" \/>\n\t<meta property=\"og:image:height\" content=\"509\" \/>\n\t<meta property=\"og:image:type\" content=\"image\/webp\" \/>\n<meta name=\"twitter:card\" content=\"summary_large_image\" \/>\n<meta name=\"twitter:title\" content=\"Dr. Ricardo Almeida - Cirurgia e Oncologia do Aparelho Digestivo\" \/>\n<meta name=\"twitter:description\" content=\"A proposta \u00e9 a realiza\u00e7\u00e3o de um atendimento altamente exclusivo, \u00e9tico, individualizado, especializado e humanizado dos nossos pacientes.\" \/>\n<meta name=\"twitter:image\" content=\"https:\/\/ralmeidasaude.com\/wp-content\/uploads\/2023\/06\/ricardo-almeida-sobre.webp\" \/>\n<meta name=\"twitter:label1\" content=\"Est. tempo de leitura\" \/>\n\t<meta name=\"twitter:data1\" content=\"6 minutos\" \/>\n<script type=\"application\/ld+json\" class=\"yoast-schema-graph\">{\"@context\":\"https:\/\/schema.org\",\"@graph\":[{\"@type\":\"WebPage\",\"@id\":\"http:\/\/ralmeidasaude.com\/\",\"url\":\"http:\/\/ralmeidasaude.com\/\",\"name\":\"Dr. Ricardo Almeida | Cirurgi\u00e3o Gastro e Oncol\u00f3gico em S\u00e3o Paulo\",\"isPartOf\":{\"@id\":\"http:\/\/ralmeidasaude.com\/#website\"},\"datePublished\":\"2023-06-23T15:03:20+00:00\",\"dateModified\":\"2025-05-29T23:45:43+00:00\",\"description\":\"M\u00e9dico Cirurgi\u00e3o Gastrointestinal e Oncol\u00f3gico em S\u00e3o Paulo - Cirurgia no trato digestivo e Bari\u00e1trica com Dr. Ricardo Almeida.\",\"breadcrumb\":{\"@id\":\"http:\/\/ralmeidasaude.com\/#breadcrumb\"},\"inLanguage\":\"pt-BR\",\"potentialAction\":[{\"@type\":\"ReadAction\",\"target\":[\"http:\/\/ralmeidasaude.com\/\"]}]},{\"@type\":\"BreadcrumbList\",\"@id\":\"http:\/\/ralmeidasaude.com\/#breadcrumb\",\"itemListElement\":[{\"@type\":\"ListItem\",\"position\":1,\"name\":\"In\u00edcio\",\"item\":\"http:\/\/ralmeidasaude.com\/\"},{\"@type\":\"ListItem\",\"position\":2,\"name\":\"Home\"}]},{\"@type\":\"WebSite\",\"@id\":\"http:\/\/ralmeidasaude.com\/#website\",\"url\":\"http:\/\/ralmeidasaude.com\/\",\"name\":\"Dr. Ricardo Almeida - Cirurgia e Oncologia do Aparelho Digestivo\",\"description\":\"Dr. Ricardo Almeida - Cirurgia Rob\u00f3tica e Minimamente Ivasiva\",\"publisher\":{\"@id\":\"http:\/\/ralmeidasaude.com\/#organization\"},\"alternateName\":\"Dr. Ricardo Almeida - Cirurgia e Oncologia do Aparelho Digestivo\",\"potentialAction\":[{\"@type\":\"SearchAction\",\"target\":{\"@type\":\"EntryPoint\",\"urlTemplate\":\"http:\/\/ralmeidasaude.com\/?s={search_term_string}\"},\"query-input\":{\"@type\":\"PropertyValueSpecification\",\"valueRequired\":true,\"valueName\":\"search_term_string\"}}],\"inLanguage\":\"pt-BR\"},{\"@type\":\"Organization\",\"@id\":\"http:\/\/ralmeidasaude.com\/#organization\",\"name\":\"Dr. Ricardo Almeida - Cirurgia e Oncologia do Aparelho Digestivo\",\"alternateName\":\"Dr. Ricardo Almeida - Cirurgia e Oncologia do Aparelho Digestivo\",\"url\":\"http:\/\/ralmeidasaude.com\/\",\"logo\":{\"@type\":\"ImageObject\",\"inLanguage\":\"pt-BR\",\"@id\":\"http:\/\/ralmeidasaude.com\/#\/schema\/logo\/image\/\",\"url\":\"http:\/\/ralmeidasaude.com\/wp-content\/uploads\/2023\/06\/ricardo-almeida-sobre.webp\",\"contentUrl\":\"http:\/\/ralmeidasaude.com\/wp-content\/uploads\/2023\/06\/ricardo-almeida-sobre.webp\",\"width\":768,\"height\":509,\"caption\":\"Dr. Ricardo Almeida - Cirurgia e Oncologia do Aparelho Digestivo\"},\"image\":{\"@id\":\"http:\/\/ralmeidasaude.com\/#\/schema\/logo\/image\/\"},\"sameAs\":[\"https:\/\/www.facebook.com\/dr.ricardoalmeidacirurgia\",\"https:\/\/www.instagram.com\/dr.ricardoalmeidacirurgia\/\",\"https:\/\/www.linkedin.com\/in\/ricardoalmeidacirurgia\/\",\"https:\/\/www.youtube.com\/@dr.ricardoalmeida8791\/\"]}]}<\/script>\n<!-- \/ Yoast SEO plugin. -->","yoast_head_json":{"title":"Dr. Ricardo Almeida | Cirurgi\u00e3o Gastro e Oncol\u00f3gico em S\u00e3o Paulo","description":"M\u00e9dico Cirurgi\u00e3o Gastrointestinal e Oncol\u00f3gico em S\u00e3o Paulo - Cirurgia no trato digestivo e Bari\u00e1trica com Dr. Ricardo Almeida.","robots":{"index":"index","follow":"follow","max-snippet":"max-snippet:-1","max-image-preview":"max-image-preview:large","max-video-preview":"max-video-preview:-1"},"canonical":"http:\/\/ralmeidasaude.com\/","og_locale":"pt_BR","og_type":"article","og_title":"Dr. Ricardo Almeida - Cirurgia e Oncologia do Aparelho Digestivo","og_description":"A proposta \u00e9 a realiza\u00e7\u00e3o de um atendimento altamente exclusivo, \u00e9tico, individualizado, especializado e humanizado dos nossos pacientes.","og_url":"http:\/\/ralmeidasaude.com\/","og_site_name":"Dr. Ricardo Almeida","article_publisher":"https:\/\/www.facebook.com\/dr.ricardoalmeidacirurgia","article_modified_time":"2025-05-29T23:45:43+00:00","og_image":[{"width":768,"height":509,"url":"http:\/\/ralmeidasaude.com\/wp-content\/uploads\/2023\/06\/ricardo-almeida-sobre.webp","type":"image\/webp"}],"twitter_card":"summary_large_image","twitter_title":"Dr. Ricardo Almeida - Cirurgia e Oncologia do Aparelho Digestivo","twitter_description":"A proposta \u00e9 a realiza\u00e7\u00e3o de um atendimento altamente exclusivo, \u00e9tico, individualizado, especializado e humanizado dos nossos pacientes.","twitter_image":"https:\/\/ralmeidasaude.com\/wp-content\/uploads\/2023\/06\/ricardo-almeida-sobre.webp","twitter_misc":{"Est. tempo de leitura":"6 minutos"},"schema":{"@context":"https:\/\/schema.org","@graph":[{"@type":"WebPage","@id":"http:\/\/ralmeidasaude.com\/","url":"http:\/\/ralmeidasaude.com\/","name":"Dr. Ricardo Almeida | Cirurgi\u00e3o Gastro e Oncol\u00f3gico em S\u00e3o Paulo","isPartOf":{"@id":"http:\/\/ralmeidasaude.com\/#website"},"datePublished":"2023-06-23T15:03:20+00:00","dateModified":"2025-05-29T23:45:43+00:00","description":"M\u00e9dico Cirurgi\u00e3o Gastrointestinal e Oncol\u00f3gico em S\u00e3o Paulo - Cirurgia no trato digestivo e Bari\u00e1trica com Dr. Ricardo Almeida.","breadcrumb":{"@id":"http:\/\/ralmeidasaude.com\/#breadcrumb"},"inLanguage":"pt-BR","potentialAction":[{"@type":"ReadAction","target":["http:\/\/ralmeidasaude.com\/"]}]},{"@type":"BreadcrumbList","@id":"http:\/\/ralmeidasaude.com\/#breadcrumb","itemListElement":[{"@type":"ListItem","position":1,"name":"In\u00edcio","item":"http:\/\/ralmeidasaude.com\/"},{"@type":"ListItem","position":2,"name":"Home"}]},{"@type":"WebSite","@id":"http:\/\/ralmeidasaude.com\/#website","url":"http:\/\/ralmeidasaude.com\/","name":"Dr. Ricardo Almeida - Cirurgia e Oncologia do Aparelho Digestivo","description":"Dr. Ricardo Almeida - Cirurgia Rob\u00f3tica e Minimamente Ivasiva","publisher":{"@id":"http:\/\/ralmeidasaude.com\/#organization"},"alternateName":"Dr. Ricardo Almeida - Cirurgia e Oncologia do Aparelho Digestivo","potentialAction":[{"@type":"SearchAction","target":{"@type":"EntryPoint","urlTemplate":"http:\/\/ralmeidasaude.com\/?s={search_term_string}"},"query-input":{"@type":"PropertyValueSpecification","valueRequired":true,"valueName":"search_term_string"}}],"inLanguage":"pt-BR"},{"@type":"Organization","@id":"http:\/\/ralmeidasaude.com\/#organization","name":"Dr. Ricardo Almeida - Cirurgia e Oncologia do Aparelho Digestivo","alternateName":"Dr. Ricardo Almeida - Cirurgia e Oncologia do Aparelho Digestivo","url":"http:\/\/ralmeidasaude.com\/","logo":{"@type":"ImageObject","inLanguage":"pt-BR","@id":"http:\/\/ralmeidasaude.com\/#\/schema\/logo\/image\/","url":"http:\/\/ralmeidasaude.com\/wp-content\/uploads\/2023\/06\/ricardo-almeida-sobre.webp","contentUrl":"http:\/\/ralmeidasaude.com\/wp-content\/uploads\/2023\/06\/ricardo-almeida-sobre.webp","width":768,"height":509,"caption":"Dr. Ricardo Almeida - Cirurgia e Oncologia do Aparelho Digestivo"},"image":{"@id":"http:\/\/ralmeidasaude.com\/#\/schema\/logo\/image\/"},"sameAs":["https:\/\/www.facebook.com\/dr.ricardoalmeidacirurgia","https:\/\/www.instagram.com\/dr.ricardoalmeidacirurgia\/","https:\/\/www.linkedin.com\/in\/ricardoalmeidacirurgia\/","https:\/\/www.youtube.com\/@dr.ricardoalmeida8791\/"]}]}},"meta_box":[],"_links":{"self":[{"href":"https:\/\/ralmeidasaude.com\/index.php?rest_route=\/wp\/v2\/pages\/9","targetHints":{"allow":["GET"]}}],"collection":[{"href":"https:\/\/ralmeidasaude.com\/index.php?rest_route=\/wp\/v2\/pages"}],"about":[{"href":"https:\/\/ralmeidasaude.com\/index.php?rest_route=\/wp\/v2\/types\/page"}],"author":[{"embeddable":true,"href":"https:\/\/ralmeidasaude.com\/index.php?rest_route=\/wp\/v2\/users\/5"}],"replies":[{"embeddable":true,"href":"https:\/\/ralmeidasaude.com\/index.php?rest_route=%2Fwp%2Fv2%2Fcomments&post=9"}],"version-history":[{"count":99,"href":"https:\/\/ralmeidasaude.com\/index.php?rest_route=\/wp\/v2\/pages\/9\/revisions"}],"predecessor-version":[{"id":1890,"href":"https:\/\/ralmeidasaude.com\/index.php?rest_route=\/wp\/v2\/pages\/9\/revisions\/1890"}],"wp:attachment":[{"href":"https:\/\/ralmeidasaude.com\/index.php?rest_route=%2Fwp%2Fv2%2Fmedia&parent=9"}],"curies":[{"name":"wp","href":"https:\/\/api.w.org\/{rel}","templated":true}]}}